8933665?
False
Is 449 a factor of 561808713?
False
Does 543 divide 1195032416?
False
Is 259 a factor of 865787208?
False
Is 27054261 a multiple of 117?
True
Is 705872518 a multiple of 26?
True
Does 27 divide 54916947?
True
Is 164833475 a multiple of 4449?
False
Does 5 divide 229241666?
False
Does 112 divide 1666423532?
False
Does 114 divide 22115014?
False
Is 7522 a factor of 429024792?
True
Is 8 a factor of 21993140?
False
Is 23 a factor of 52614846?
True
Is 7 a factor of 1190557?
False
Is 20 a factor of 134700560?
True
Does 22 divide 35560536?
True
Does 112 divide 652831879?
False
Is 707052572 a multiple of 9?
False
Does 2627 divide 44031143?
False
Is 2973604509 a multiple of 325?
False
Is 147 a factor of 116108260?
False
Is 150 a factor of 265432500?
True
Is 29 a factor of 17176033?
True
Does 24 divide 23205912?
True
Does 16 divide 253615584?
True
Does 666 divide 151347897?
False
Is 16346293 a multiple of 3?
False
Is 16 a factor of 8098336?
True
Is 356333734 a multiple of 7?
False
Is 159 a factor of 127050460?
False
Is 26 a factor of 4005754?
False
Is 17 a factor of 26924005?
True
Is 41195855 a multiple of 99?
False
Is 137084568 a multiple of 28?
False
Is 4935205918 a multiple of 8?
False
Is 3259 a factor of 543404559?
False
Does 1584 divide 702749520?
True
Is 493619400 a multiple of 1231?
False
Is 29 a factor of 489391447?
False
Is 2 a factor of 2269614?
True
Is 1243 a factor of 2289250764?
False
Is 28794816 a multiple of 35?
False
Is 9149 a factor of 70621131?
True
Is 43836662 a multiple of 405?
False
Is 276 a factor of 22719216?
True
Is 33 a factor of 561743505?
False
Is 78867791 a multiple of 29?
True
Is 1352 a factor of 46863024?
True
Does 18 divide 33984?
True
Is 250 a factor of 14587750?
True
Does 26 divide 27899262?
False
Is 32824144 a multiple of 16?
True
Is 42 a factor of 5753538?
True
Is 8649365 a multiple of 5?
True
Is 57077478 a multiple of 164?
False
Does 553 divide 45395076?
False
Does 3062 divide 69733848?
False
Is 713 a factor of 67791344?
False
Does 702 divide 598815126?
True
Is 18 a factor of 906352895?
False
Does 29 divide 163107618?
False
Is 904378962 a multiple of 1519?
False
Is 1081 a factor of 102979062?
False
Is 19433670 a multiple of 28?
False
Is 159685632 a multiple of 48?
True
Does 3832 divide 123407785?
False
Is 5510513 a multiple of 12?
False
Is 517450208 a multiple of 484?
True
Does 1118 divide 1991834390?
True
Is 1668 a factor of 213255468?
True
Is 15361668 a multiple of 9?
True
Is 600 a factor of 396056400?
True
Is 32482486 a multiple of 51?
False
Is 325 a factor of 57789225?
True
Does 695 divide 81760495?
True
Is 27510527 a multiple of 8?
False
Is 650061966 a multiple of 12?
False
Does 7325 divide 2007496825?
True
Is 149 a factor of 1206640144?
True
Is 200438898 a multiple of 106?
True
Does 196 divide 35324955?
False
Is 11 a factor of 70123240?
True
Is 46 a factor of 36175136?
True
Is 6204 a factor of 89806276?
False
Is 505924644 a multiple of 318?
True
Is 3288 a factor of 106712040?
True
Is 1803 a factor of 1293130207?
False
Is 329 a factor of 486691050?
False
Is 1137258720 a multiple of 117?
True
Does 11106 divide 4642963254?
True
Is 94 a factor of 206716904?
True
Does 9 divide 77638104?
True
Does 4167 divide 568811899?
False
Does 202 divide 2294584660?
True
Is 226078983 a multiple of 39?
True
Is 79 a factor of 330511255?
False
Does 2354 divide 83122834?
False
Is 30070845 a multiple of 945?
True
Is 24930974 a multiple of 31?
False
Is 4207977762 a multiple of 2328?
False
Does 38 divide 327544035?
False
Is 129021916 a multiple of 42?
False
Does 28 divide 5568164?
True
Is 67635176 a multiple of 1112?
True
Is 272 a factor of 44503008?
True
Does 1471 divide 1279477271?
True
Does 2658 divide 293654467?
False
Is 6 a factor of 21631302?
True
Is 707 a factor of 655288606?
True
Does 1977 divide 56931825?
False
Is 618 a factor of 914884110?
True
Is 499121231 a multiple of 259?
True
Is 189 a factor of 178159149?
True
Is 181289947 a multiple of 139?
False
Is 370 a factor of 185762310?
False
Does 62 divide 19012796?
True
Is 252057154 a multiple of 26?
False
Is 26 a factor of 1776816886?
True
Is 351060864 a multiple of 2604?
True
Is 153386280 a multiple of 12?
True
Is 2187624 a multiple of 7?
False
Is 6 a factor of 154105712?
False
Is 1212666897 a multiple of 193?
False
Is 722 a factor of 18913132?
False
Does 3797 divide 274139603?
True
Is 26 a factor of 2412046?
True
Does 3805 divide 2636244785?
True
Is 253823860 a multiple of 196?
False
Is 44968225 a multiple of 17?
False
Is 2 a factor of 16659384?
True
Is 122 a factor of 4639487316?
False
Is 38 a factor of 145394068?
False
Is 5608700 a multiple of 100?
True
Is 166366737 a multiple of 9?
True
Does 3131 divide 15128209?
False
Does 109 divide 9055938?
True
Is 12 a factor of 37783320?
True
Is 94188605 a multiple of 13?
False
Is 19 a factor of 556128651?
True
Is 147275290 a multiple of 8?
False
Is 48 a factor of 153537891?
False
Is 2356380 a multiple of 390?
True
Is 905530896 a multiple of 333?
True
Is 167689120 a multiple of 920?
False
Is 822 a factor of 153805242?
True
Is 1045 a factor of 399620774?
False
Is 40 a factor of 788167619?
False
Is 81 a factor of 56103759?
True
Is 2587885401 a multiple of 771?
True
Is 1446944010 a multiple of 4135?
True
Does 2840 divide 13348000?
True
Is 18 a factor of 1371342528?
True
Is 946619428 a multiple of 422?
True
Does 1182 divide 314499468?
True
Is 1702395212 a multiple of 38?
True
Is 4406805 a multiple of 1209?
True
Does 5 divide 1218577?
False
Does 106 divide 71170906?
False
Is 17 a factor of 222405288?
True
Is 54699228 a multiple of 18?
True
Is 457172802 a multiple of 179?
True
Does 1921 divide 13301034?
False
Does 2627 divide 256095910?
False
Is 92 a factor of 2675701454?
False
Does 16 divide 8034544?
True
Does 21 divide 6738732?
True
Does 4 divide 146451896?
True
Is 2143 a factor of 1272942?
True
Is 45 a factor of 718906365?
True
Is 3 a factor of 19495096?
False
Is 116290986 a multiple of 29?
True
Is 27887044 a multiple of 85?
False
Does 87 divide 369820122?
True
Does 4711 divide 756803306?
True
Is 9 a factor of 24825738?
False
Is 49433301 a multiple of 27?
True
Does 265 divide 40240905?
False
Is 192 a factor of 156112896?
True
Does 2316 divide 204939243?
False
Is 2719 a factor of 59007738?
True
Is 432302896 a multiple of 673?
True
Does 1291 divide 2162834247?
True
Is 21 a factor of 598134537?
True
Does 61 divide 44256415?
True
Does 515 divide 21422970?
True
Is 83 a factor of 241307039?
False
Is 7583400 a multiple of 2475?
True
Is 17 a factor of 1274315495?
True
Does 2 divide 27685391?
False
Is 148 a factor of 224073628?
True
Is 1401 a factor of 39059844?
False
Does 45 divide 3115530?
True
Is 586 a factor of 27880122?
True
Does 6 divide 293081?
False
Does 34 divide 771550?
False
Is 5396 a factor of 174719343?
False
Does 55 divide 3962587915?
True
Is 21 a factor of 17676414?
True
Is 120129846 a multiple of 121?
False
Does 19 divide 6201661?
False
Is 2174 a factor of 2115180256?
True
Does 38 divide 292109534?
True
Is 7 a factor of 2439262?
True
Is 1180360959 a multiple of 131?
True
Is 5226 a factor of 1257907463?
False
Is 27 a factor of 27187499?
False
Does 56 divide 1047835544?
True
Is 143469475 a multiple of 23?
False
Is 2510180 a multiple of 166?
False
Does 3284 divide 63558536?
True
Is 1064956794 a multiple of 1014?
False
Is 39082200 a multiple of 53?
True
Is 616195648 a multiple of 61?
True
Is 1642 a factor of 36635876?
False
Does 157 divide 40534188?
False
Is 13800736 a multiple of 123?
False
Does 225 divide 323991225?
True
Is 16158513 a multiple of 1463?
False
Is 61040390 a multiple of 46?
True
Does 807 divide 128266194?
True
Is 8668818 a multiple of 18?
True
Does 170 divide 659950382?
False
Does 282 divide 37755538?
False
Does 251 divide 295783922?
True
Is 821019101 a multiple of 34?
False
Is 1165 a factor of 143862355?
True
Is 432 a factor of 674045280?
True
Is 907 a factor of 40567387?
False
Does 755 divide 42169015?
True
Is 72 a factor of 39426075?
False
Does 130 divide 348367681?
False
Is 95051580 a multiple of 1860?
True
Does 77 divide 1119533397?
False
Does 23 divide 3390959?
True
Is 271461269 a multiple of 251?
True
Does 16 divide 399364?
False
Does 81 divide 788650?
False
Does 57 divide 1183335?
False
Is 41025